n + 1004. Give a(-154).
80
Let c(p) = 5*p**2 + 911921*p + 2735724. Calculate c(-3).
6
Let l(u) = -31*u + 6243. What is l(203)?
-50
Let c(k) = -4*k**3 + 662*k**2 - 1385*k + 174075. Give c(165).
0
Let s(f) = -7*f**3 - 202*f**2 - 4*f - 1329. What is s(-29)?
-372
Let u(z) = -6*z**2 + 139*z - 691. Calculate u(5).
-146
Let p(i) = -2027818*i - 14194710. Determine p(-7).
16
Let d(m) = -738*m**2 - 5839*m - 8465. Give d(-6).
1
Let i(b) = -b**3 - 113*b**2 - 611*b - 7634. What is i(-108)?
34
Let z(p) = -p**3 + 1780*p**2 + 30558*p + 109. Calculate z(-17).
-44
Let t(c) = 57*c**2 - 404*c + 153. Determine t(8).
569
Let l(s) = -s**2 - 11443*s - 87. Determine l(0).
-87
Let l(j) = 2774751*j + 11098996. Determine l(-4).
-8
Let f(s) = -s**3 + 62*s**2 - 730*s + 28703. What is f(58)?
-181
Let z(a) = -35070*a + 10626209. Calculate z(303).
-1
Let w(r) = -23*r**2 + 1515*r + 170. Calculate w(66).
-28
Let g(l) = -2*l**3 - 36*l**2 + 4422*l + 63518. Determine g(-14).
42
Let w(v) = -v**2 - 1364*v - 2749. Determine w(-2).
-25
Let g(n) = n**3 - 25*n**2 + 472*n - 4867. Calculate g(15).
-37
Let a(d) = 17382*d - 156061. Give a(9).
377
Let f(n) = -257318*n**2 - 23158622*n - 176. Determine f(-90).
4
Let t(p) = -74*p + 7889. Determine t(108).
-103
Let a(n) = -35699*n - 2463215. Determine a(-69).
16
Let s(l) = 141592*l + 2690282. Give s(-19).
34
Let v(h) = 1600*h - 28899. Determine v(18).
-99
Let g(v) = -96599*v - 4926532. Determine g(-51).
17
Let q(d) = 2*d**3 + 1218*d**2 + 3672*d + 22155. What is q(-606)?
339
Let d(v) = -15*v**2 + 18*v - 14. Determine d(0).
-14
Let z(x) = 5216*x - 1152724. Determine z(221).
12
Let s(m) = -740*m + 139254. Determine s(188).
134
Let d(b) = -3*b**3 + 97*b**2 + 86*b - 758. Calculate d(33).
-98
Let o(i) = 15*i**2 + 506*i + 1260. Give o(-31).
-11
Let w(r) = -r**2 - 1567*r + 14157. What is w(9)?
-27
Let k(f) = 26295*f + 1498811. Calculate k(-57).
-4
Let f(w) = 47806*w + 1673682. Determine f(-35).
472
Let a(p) = p**2 + 3549*p - 869169. What is a(230)?
1
Let x(s) = -2654*s**2 - 26822*s - 2821. What is x(-10)?
-1
Let d(q) = -5*q**2 + 90*q - 678. Calculate d(8).
-278
Let i(g) = g**2 - 7350*g + 8870214. Give i(1522).
-2
Let d(q) = -6040776*q + 6040786. Calculate d(1).
10
Let o(t) = -2*t**3 + 282*t**2 + 44*t - 6117. Determine o(141).
87
Let j(p) = -10*p**2 - 174*p - 494. What is j(-3)?
-62
Let r(c) = 1701*c - 72771. Determine r(44).
2073
Let w(r) = r**3 + 2*r**2 + 2569*r - 13025. Give w(5).
-5
Let u(g) = -80459*g - 1850587. What is u(-23)?
-30
Let r(f) = 2*f**3 - 59*f**2 + 45*f - 561. Calculate r(29).
-97
Let g(d) = 10129*d - 1458628. Give g(144).
-52
Let d(v) = -98*v**2 + 1509*v - 4016. Determine d(12).
-20
Let m(h) = h**3 + 138*h**2 + 315*h - 11990. What is m(-135)?
160
Let p(y) = -2011*y - 20086. Determine p(-10).
24
Let g(z) = -19*z + 1307. Determine g(103).
-650
Let y(a) = a**2 - 86552*a + 432750. Determine y(5).
15
Let o(v) = -647*v + 15655. Calculate o(26).
-1167
Let h(f) = -20832*f + 1562353. Determine h(75).
-47
Let d(i) = 2*i**3 - 24*i**2 - 149*i + 1898. Calculate d(11).
17
Let u(l) = 22958*l + 137612. Determine u(-6).
-136
Let i(h) = -42173*h - 3879927. What is i(-92)?
-11
Let c(q) = q**3 + 153*q**2 + 609*q + 68905. Give c(-152).
-559
Let y(b) = 195285*b - 976425. Calculate y(5).
0
Let x(p) = 5*p**2 + 2737*p + 78594. Determine x(-517).
10
Let m(d) = 7*d**2 - 2802*d - 123284. Calculate m(-40).
-4
Let u(n) = n**3 - 125*n**2 + 1840*n - 20869. Calculate u(110).
31
Let w(m) = -m**3 + 153*m**2 + 502*m - 5976. Give w(156).
-672
Let q(v) = 519*v**2 + 173*v - 300. What is q(-3)?
3852
Let o(m) = -3*m**3 - 99*m**2 + 7*m + 374. Give o(-33).
143
Let y(o) = 67*o + 1161. Give y(-17).
22
Let j(m) = m**2 - 6771*m + 409222. Determine j(61).
-88
Let x(l) = 2199*l**2 - 77*l + 118. Calculate x(-1).
2394
Let o(f) = 168442*f - 168375. Give o(1).
67
Let w(c) = -3*c**3 + 203*c**2 - 3360*c + 231. Calculate w(39).
-3
Let i(t) = 7*t**2 + 1026*t + 1509. Calculate i(-145).
-86
Let g(x) = -15291*x + 137621. What is g(9)?
2
Let h(j) = j**3 - 97*j**2 + 695*j + 791. Calculate h(89).
-722
Let a(o) = 4*o**3 + 53*o**2 - 522*o - 19. Give a(-20).
-379
Let f(r) = -5194*r + 14450. Determine f(3).
-1132
Let x(a) = -a**3 + 10*a**2 + 6*a - 118. Give x(5).
37
Let s(h) = 30*h + 3334. Calculate s(-87).
724
Let v(q) = -5*q**3 + 1814*q**2 + 1211*q - 307829. Calculate v(363).
-5
Let q(b) = -4211*b + 25282. What is q(6)?
16
Let m(d) = 53*d**2 - 2457*d - 14807. Calculate m(-6).
1843
Let v(t) = t**3 - 24*t**2 - 105*t - 74. What is v(28)?
122
Let o(z) = -z**3 - 7*z**2 + 2837*z - 725. Calculate o(-57).
16
Let a(t) = -t**3 + 65*t**2 - 268*t + 9009. Give a(63).
63
Let l(p) = -p**3 + 22*p**2 - 76*p + 170. Determine l(15).
605
Let k(u) = u**3 - 9*u**2 - 338*u + 3266. Give k(10).
-14
Let r(b) = -b**3 + 94*b**2 - 77*b - 521. What is r(93)?
967
Let f(g) = -6*g**3 - 22*g**2 - 5*g - 10. Calculate f(-5).
215
Let t(a) = 1207*a + 19094. What is t(-17)?
-1425
Let a(k) = -k**3 - 35*k**2 - 245*k - 540. Calculate a(-26).
-254
Let z(o) = 8*o**2 + 3*o + 91. Determine z(-6).
361
Let h(w) = 11*w**2 - 131*w - 12. Calculate h(13).
144
Let x(k) = 7324*k - 11044597. Determine x(1508).
-5
Let w(r) = 71*r**2 + 259*r - 24. Determine w(2).
778
Let c(k) = -5212*k + 489979. Determine c(94).
51
Let i(r) = 5*r**3 + 38*r**2 - 60*r - 33. Give i(2).
39
Let v(r) = -r**3 + 87*r**2 + 3800*r + 134. Calculate v(119).
-818
Let j(l) = 517981*l + 162. Determine j(0).
162
Let r(c) = c**2 - 3541*c - 21242. Calculate r(-6).
40
Let x(q) = 15981*q - 7990495. Give x(500).
5
Let l(k) = 44*k**3 + 416*k**2 - 253*k - 142. Calculate l(-10).
-12
Let z(l) = -5*l**2 + 6238*l + 12481. Determine z(-2).
-15
Let c(m) = -38*m**3 - 2622*m**2 + 158. What is c(-69)?
158
Let x(y) = -3*y**2 + 5852*y + 196356. What is x(-33)?
-27
Let s(i) = -104446*i - 3968952. Calculate s(-38).
-4
Let d(j) = -6135*j + 828273. What is d(135)?
48
Let i(v) = 37910*v - 303292. What is i(8)?
-12
Let m(l) = -28492*l + 2. Give m(0).
2
Let z(m) = 31719*m - 11387120. What is z(359)?
1
Let i(w) = w**3 + 189*w**2 + 1098*w + 2352. Give i(-183).
2352
Let o(s) = 1043*s - 7215. Determine o(7).
86
Let v(r) = -57*r**2 + 7520*r + 15816. Give v(134).
4
Let n(m) = -2*m**2 + 193357*m - 2319999. What is n(12)?
-3
Let i(g) = -13*g**3 + 3181*g**2 + 955*g + 6120. Determine i(245).
-5
Let l(b) = -3*b**2 + 140*b + 53292. Calculate l(-112).
-20
Let k(m) = -947*m + 7711. Calculate k(5).
2976
Let a(b) = 368182*b - 1840894. Calculate a(5).
16
Let p(l) = l**3 - 8*l**2 - 13*l + 543. Determine p(7).
403
Let y(r) = 20*r**2 - 32*r - 14758. Give y(28).
26
Let t(w) = -32617*w - 32638. Give t(-1).
-21
Let w(f) = f**2 + 83892*f + 1090425. Give w(-13).
-2
Let l(t) = 92*t - 5391. Determine l(47).
-1067
Let n(f) = 5*f**2 + 451*f + 1314. Determine n(-3).
6
Let q(j) = -8*j**3 + 97*j**2 + 180*j - 2281. What is q(12)?
23
Let w(s) = -s**2 + 207*s - 134. Determine w(22).
3936
Let k(y) = -y**2 + 1017*y - 253528. What is k(578)?
214
Let c(i) = -i**2 + 2751*i + 38286. What is c(-14)?
-424
Let m(g) = 1743*g**2 - 38264*g - 55. Calculate m(22).
1749
Let l(m) = 705*m + 18933. Give l(-27).
-102
Let m(j) = -j**3 + 9*j**2 + 32*j - 249. What is m(15)?
-1119
Let p(m) = m**3 + 25*m**2 - 35*m - 96. Give p(-28).
-1468
Let c(b) = -50*b + 7415. What is c(151)?
-135
Let x(q) = -104*q**2 - 19293*q - 9796. Calculate x(-185).
9
Let w(z) = 22*z**2 + 6581*z + 45847. Determine w(-292).
3
Let h(d) = 4*d**2 + 8263*d + 16526. Give h(-2).
16
Let x(f) = f**3 - 114*f**2 - 583*f + 478. Give x(119).
1906
Let z(j) = 18*j**3 + 672*j**2 + 478*j + 9477. Determine z(-37).
5
Let x(y) = -26501*y + 529675. What is x(20)?
-345
Let c(m) = -m**3 + 16*m**2 - 11453*m + 159954. Determine c(14).
4
Let m(i) = i**3 + 122*i**2 + 1979*i + 55. What is m(-19)?
-363
Let o(g) = -g**3 - 112*g**2 + 1356*g - 592. What is o(-123)?
-961
Let s(v) = v**3 - 33*v**2 - 292*v + 483. Determine s(40).
3
Let z(l) = 2594*l - 2324233. What is z(896)?
-9
Let z(l) = 24*l**3 + 238*l**2 + 15*l - 20. Determine z(-9).
1627
Let p(y) = -13499*y - 12977. Calculate p(-1).
522
Let d(o) = 16247*o - 357428. Determine d(22).
6
Let y(w) = -22*w**3 + 21*w**2 - 52*w - 23. What is y(3)?
-584
Let f(c) = -3*c**3 + 33*c**2 + 2730*c - 32487. Calculate f(12).
-159
Let q(v) = -2*v**2 - 698*v - 29397. Determine q(-300).
3
L